 the hundreds digit of 51/(-119) - 3652/(-28)?
1
Let i(m) = m + 8. Let t be i(-7). Suppose -z + t = -41. Suppose r + 3*j - 4 = -6, -z = -3*r + 3*j. What is the units digit of r?
0
Suppose 0 = 4*t + 8 - 24. Suppose 0*o + 2*o + 2*y = t, 4*y = 5*o - 37. Suppose -o*m = 2*r - 321, 2*m - 129 = -0*m - r. What is the tens digit of m?
6
Let j = 264 + -138. Suppose -5*y = 4*x - 6*x - 579, y - j = -3*x. What is the units digit of y?
7
Let r be (-132)/20 - (-6)/10. Let j be (6/9)/(r/(-27)). Suppose -j*o + 4*o = 7. What is the units digit of o?
7
Let k(m) = 2*m**2 - m. Let f be k(2). Suppose -4*v = 2*g - 30, v + g + 4*g = -f. Let n(z) = -z**2 + 10*z + 1. What is the tens digit of n(v)?
1
What is the thousands digit of (8 + -9)*((3 - -1) + -1231)?
1
Suppose -15 = -3*d, 86 = -2*m - 4*d - 102. Let s = m - -147. What is the units digit of s?
3
Let k(z) = 66*z - 55. What is the tens digit of k(8)?
7
Suppose -i = 2*t - 738, 8*i - 4*i = -4*t + 2972. Let u = i + -523. What is the tens digit of u?
2
Let s(c) = -c**2 - 7*c - 4. Let r be s(-7). What is the units digit of (-57)/r*10/(-15)*-2?
9
Suppose -3*p - 38 = 4*y - 2, 38 = -4*p - 2*y. Let l be (10 + p)*(31 + 1). Suppose -3*a + 5*a = -2*n + l, -5*n + 164 = a. What is the tens digit of n?
3
Suppose 5*u = -4*a + 40, u - 2*a = -3*a + 9. Let b = u + 2. Suppose 4*p + 22 = b*p. What is the units digit of p?
1
Let x = -6 - -16. Suppose 2 - x = m. Let d = m + 13. What is the units digit of d?
5
What is the thousands digit of -7 - -3657 - -12 - -7?
3
Suppose 2*g + 0 - 8 = 0. Let f = 334 + -174. Suppose -5*q + g*v = -135, 0 = q + 4*q + v - f. What is the tens digit of q?
3
Let o be (-90)/(-12)*2/3. Suppose o*a + 44 = 7*a. What is the units digit of a?
2
Let d = 948 - 453. What is the hundreds digit of d?
4
Let o(j) = -9*j**3 - 15*j**2 + 17*j - 11. Let g(l) = 4 + 8*l**2 + 2 - 11*l**3 - 9*l + 16*l**3. Let h(c) = 11*g(c) + 6*o(c). What is the tens digit of h(3)?
1
Let r(k) = 58*k + 210. What is the thousands digit of r(14)?
1
Suppose -9836 + 91079 = 17*h. What is the thousands digit of h?
4
Suppose 0 = -5*l + s + 8010, -4*s - 364 - 7646 = -5*l. What is the tens digit of l?
0
Let v be ((-1)/4 + 6/(-8))*-7. Let y(b) = b**3 - 7*b**2 + 2*b + 12. What is the tens digit of y(v)?
2
Let g = 3563 + -1892. What is the tens digit of g?
7
Suppose -5*f - q = 45, -2*q = -4*f - 3*q - 35. Let p = 12 + f. Suppose -p*j - 2 + 8 = 0. What is the units digit of j?
3
What is the tens digit of (-28 - -25)/(((-6)/(-739))/(-2))?
3
Suppose 23 = -3*k - 1. Let p = k - -10. Suppose -3*h - x + 98 = 0, 0*h = p*h + 2*x - 64. What is the tens digit of h?
3
Let k(f) = -4*f - 5. Let g(m) = 2*m + 2. Let o(z) = 11*g(z) + 6*k(z). Let c be -5 + -8 + -4 + 2. What is the units digit of o(c)?
2
Let f(h) = -744*h - 10. What is the hundreds digit of f(-1)?
7
Let h be (1 - (-836)/6) + 8/12. Let j = -60 + h. What is the units digit of j?
1
Suppose -11*b + 27 - 5 = 0. What is the units digit of b?
2
Let a = 0 + 2. Suppose 4 = -3*i + 19. Suppose -i*m + 13 = -4*h - 30, -a*h = -6. What is the tens digit of m?
1
Let t(i) = i**2 - 6*i + 113. Suppose -13 = 5*z - 13. What is the hundreds digit of t(z)?
1
Let j(i) = 10*i**2 - 8*i - 7. What is the tens digit of j(-5)?
8
Suppose 4*a - 2*v = 18, 8 + 7 = -5*v. Suppose -3*t + 3*b = -0*t - 30, -t = 2*b - 4. Suppose -45 = a*g - t*g. What is the units digit of g?
9
Suppose 0 = -2*r - 0 + 2. Let t(n) = 22*n**3 - 2*n + 1. Let d be t(r). What is the units digit of d/(-14) + 10/4?
1
Suppose a - 46 = -4*p, 2*a - 41 = -p + 44. Let u = 79 - a. Let g = -2 + u. What is the units digit of g?
5
What is the units digit of 519 + (-5 - 1)*-1?
5
Let v = 165 - 115. What is the units digit of v?
0
Let f(o) = o**2 - 3*o + 9. Let x be f(8). Suppose 4*c + 2*c = 450. Let d = c - x. What is the units digit of d?
6
Let k = -4 + 12. Suppose 3*y + 0*y + 5*q - 4 = 0, -q = 3*y - k. What is the units digit of -2 + 0 + 39 + y?
0
Let h = 26 - 16. Suppose -3*j - 2*j + h = 0. Suppose b - j*l - 36 = l, -2*b + l = -52. What is the units digit of b?
4
Suppose 6*o - 1 = 17. Suppose 0 = -o*b + 4*b - 13. Suppose 2*l + 2*g = b - 5, -2*g = 5*l - 14. What is the units digit of l?
2
Let t = 139 - -244. What is the hundreds digit of t?
3
Suppose 3*q + 3*m = 5805, -5*q + 9691 = 71*m - 74*m. What is the tens digit of q?
3
Let g(o) = o**2 - 9*o - 11. Let h be g(10). Let f be (-6)/(1/h - 1). What is the units digit of f/(1/(4/6))?
2
Let t(y) = -y**2 - y. Let u be t(-7). Let k = u - -105. Suppose 4*p - k = 17. What is the units digit of p?
0
What is the tens digit of ((-1039)/(-1))/(2 - 1)?
3
Suppose 0 = 3*w + w + 72. Let q be (-4)/w - (-136)/36. What is the units digit of ((-12)/9)/(q/(-54))?
8
Let q(s) = -s**2 - 19*s + 2. Let a be q(-10). Let u = 209 - a. What is the tens digit of u?
1
Let t(i) = -5*i + 5. Let q(p) = p**3 + 4*p**2 - 5*p - 6. Let m be q(-5). Let z(f) = 4*f - 6. Let r(l) = m*z(l) - 5*t(l). What is the units digit of r(13)?
4
Suppose 3*t = g + 69, 5*t = -8*g + 3*g - 305. Let k be (-2)/(-3)*g/6. Let w = k - -16. What is the units digit of w?
9
Let l = -129 + 64. Let a = 140 + l. What is the tens digit of a?
7
Suppose 0 = -2*y - 8, 0*d - 4*d - 3*y + 740 = 0. What is the units digit of d?
8
Suppose 0 = -2*r + 4*k - 5 + 21, 2*r = 5*k + 18. Let g = r + 5. What is the units digit of g?
9
Let r(f) = 5*f + 54. Suppose -t - 3 = 2*p - 30, -p = -4*t - 18. What is the tens digit of r(p)?
2
Let g = 518 + -86. Suppose -u = -7*u + g. What is the units digit of u?
2
Let y = 23 + -18. Suppose 0*j + y*o = -3*j + 188, -j = 5*o - 56. Suppose 3*w - 15 = j. What is the tens digit of w?
2
Suppose 6 = 3*y - 5*y. Let v be 0 + (-1 - y - 0). Suppose -4*k = -s - 48, k - 2*s - 31 = -v*k. What is the tens digit of k?
1
Let x = -128 - -480. What is the tens digit of x?
5
Let l = -1218 + 2021. What is the hundreds digit of l?
8
Suppose 4*h - u - 20 = 3*u, -4*h - 3*u = -13. Let r be 19/2 - 2/h. Let a = 21 - r. What is the units digit of a?
2
Let o(f) = f + 8. Let y be o(-7). Suppose 3*k - 17 = y. What is the units digit of k?
6
Let v be 2380/22 - 6/33. Suppose -3*j + j + v = 0. What is the units digit of j?
4
Let p = -420 + 486. What is the units digit of p?
6
Let n = -895 - -400. What is the units digit of 66/n - (4817/(-15) + 1)?
0
Suppose 2*x + 5*j = 7*x - 50, -8 = -2*x - j. Let o(v) = -v**3 + 6*v**2 + v - 5. Let r be o(x). What is the units digit of 6*r/(-2) - -15?
2
Suppose 9 - 101 = 4*k. Suppose -5*n = 2*z - 78, -4*z + 106 = -2*n - 50. Let a = k + z. What is the tens digit of a?
1
Let u(b) = -4*b**2 - b. Let t be u(1). Let i = 10 + t. Suppose -72 = -2*g - 3*x, -151 = -3*g - i*x - 43. What is the units digit of g?
6
What is the hundreds digit of ((-8)/(-5))/(-7 - (-184812)/26400)?
5
Let m(j) = -j**2 - 7*j - 4. Suppose l = 3*f - 6, 4*l - 9*l - 30 = f. Let x be m(l). Suppose x*o - 20 = 32. What is the tens digit of o?
2
Let k(w) = -w + 1. Let p(s) = 30*s**2 - 4*s + 4. Let o(v) = -6*k(v) + p(v). What is the units digit of o(2)?
2
What is the units digit of (8 - 18)/(6/(-1491))?
5
Let v be -5 - (-14 + 3 - -2). What is the tens digit of -1*(12/(-4) + v - 186)?
8
Let k(h) = 31*h**3. Let g be k(-1). Let z be (1 + g)*66/(-18). Suppose 0 = 7*u - 2*u - z. What is the units digit of u?
2
Suppose -10 = -8*g + 3*g. Suppose 10 = 2*j + g. Suppose -4 = -y + j. What is the units digit of y?
8
Suppose 9211 = 3*f + 2*a, 2*f - 21 - 6105 = -5*a. What is the units digit of f?
3
Suppose 0 = -3*c + 4*c - 6. What is the units digit of (-3 - (-21)/c)*116?
8
What is the units digit of 15 + -12 - 1436/(-2)?
1
What is the units digit of (136/(-24) + 6)*1758?
6
Suppose 5*d - 5 = -20. What is the tens digit of (600/(-16))/(d/4)?
5
Let d = 1779 - 962. Suppose 15*k - d - 1043 = 0. What is the tens digit of k?
2
Let p(f) = 1 - 46*f**2 + 33*f**2 - f**3 + 20*f - 7. What is the hundreds digit of p(-15)?
1
Let d(j) = -j**3 + 17*j**2 - 9*j + 2. What is the units digit of d(13)?
1
Suppose 4*o + 2*b - 30 = o, -43 = -5*o - b. Suppose -4*y + 160 = -4*j + o*j, -2*y = 3*j - 79. What is the tens digit of y?
4
Let q = 900 - -1690. What is the hundreds digit of q?
5
Let c = -25 - -25. Suppose -x + 2*s + 80 = 0, c = -2*x + x - 2*s + 72. What is the tens digit of x?
7
Let g(h) = -2*h**3 - 11*h**2 + 9*h + 9. Let o be g(-6). What is the units 